r of 11746860 and 84?
12
What is the highest common divisor of 432395407 and 4997?
4997
Calculate the greatest common divisor of 189 and 40385177.
7
Calculate the highest common divisor of 417 and 22474493.
139
What is the highest common factor of 68609802 and 1416?
354
What is the highest common factor of 6 and 1071332?
2
What is the greatest common divisor of 4400 and 153067024?
176
What is the greatest common divisor of 165005 and 491599?
61
What is the greatest common divisor of 4686 and 61524837?
2343
What is the highest common factor of 21176960 and 632?
8
What is the highest common factor of 403223 and 8704?
17
What is the highest common factor of 560261352 and 168?
168
What is the greatest common divisor of 255 and 4641435?
15
Calculate the greatest common factor of 592 and 9609936.
592
Calculate the highest common factor of 9177 and 1292991.
483
What is the greatest common divisor of 3997632 and 15604?
188
What is the highest common divisor of 32 and 655988?
4
Calculate the greatest common factor of 6377594 and 1594.
1594
Calculate the highest common factor of 7780928 and 64.
64
Calculate the highest common divisor of 16861 and 14099687.
1297
Calculate the highest common divisor of 2025 and 50545215.
405
Calculate the greatest common divisor of 892845 and 72.
9
Calculate the greatest common factor of 96187 and 16504904.
1963
What is the highest common divisor of 157365 and 2317185?
585
Calculate the highest common factor of 345010 and 10.
10
Calculate the highest common divisor of 36411 and 250743.
159
Calculate the greatest common divisor of 58703 and 5029.
47
Calculate the greatest common divisor of 79600430 and 2210.
130
What is the greatest common divisor of 69547994 and 243713?
12827
Calculate the highest common divisor of 10516 and 644120774.
5258
Calculate the highest common factor of 11144012 and 374.
22
What is the greatest common divisor of 467027 and 121?
11
What is the highest common divisor of 48 and 760080144?
48
What is the highest common divisor of 114 and 12168417?
57
Calculate the highest common divisor of 2670816 and 2408.
344
What is the greatest common divisor of 49347573 and 132?
33
Calculate the greatest common divisor of 11 and 21316.
1
Calculate the highest common factor of 38367 and 955521.
1827
Calculate the highest common factor of 5509615 and 10812.
901
What is the greatest common divisor of 3958626 and 30?
6
Calculate the highest common factor of 657230 and 165025.
1435
What is the greatest common divisor of 1023464 and 2200?
8
What is the greatest common divisor of 1747635 and 23479?
443
What is the highest common divisor of 210895194 and 24?
6
Calculate the highest common divisor of 5832 and 581238.
18
What is the highest common factor of 131516 and 4786670?
854
What is the highest common divisor of 9996 and 67836?
12
What is the greatest common factor of 668756841 and 1747?
1747
What is the highest common factor of 6139485 and 9720?
45
Calculate the highest common factor of 34 and 1114129.
17
What is the highest common factor of 736978 and 5531922?
3058
Calculate the greatest common factor of 339398 and 6.
2
Calculate the highest common factor of 974484 and 260064.
756
Calculate the highest common factor of 24860430 and 189.
63
What is the greatest common factor of 312 and 120329898?
78
What is the highest common factor of 75 and 496800?
75
What is the highest common divisor of 450 and 4116950?
50
What is the greatest common factor of 231 and 37114616?
77
Calculate the highest common divisor of 13 and 201745583.
13
What is the greatest common divisor of 41422 and 44998?
298
Calculate the highest common factor of 4093167 and 546.
39
Calculate the highest common divisor of 23825147 and 13769.
281
What is the greatest common factor of 199639 and 148753?
11
Calculate the greatest common factor of 24000 and 331584.
192
What is the greatest common factor of 298965810 and 6864?
858
What is the greatest common divisor of 31720 and 10052800?
2440
Calculate the greatest common factor of 423 and 54085203.
423
Calculate the greatest common factor of 55599 and 49923.
129
What is the highest common divisor of 4 and 60643276?
4
What is the highest common divisor of 211791 and 3834711?
681
Calculate the highest common divisor of 1016648 and 432.
8
What is the greatest common divisor of 22236 and 116535?
51
What is the highest common factor of 379656 and 3528?
72
What is the highest common factor of 315 and 255595455?
45
What is the greatest common factor of 21811 and 85?
17
Calculate the greatest common factor of 11256782 and 120931.
1457
What is the highest common factor of 14 and 210575813?
7
What is the highest common divisor of 60249 and 126483?
399
What is the highest common divisor of 2775 and 730010?
185
What is the highest common divisor of 210 and 147651390?
30
Calculate the greatest common factor of 18639 and 24524136.
171
Calculate the highest common factor of 26 and 2002637.
13
Calculate the greatest common factor of 3294612 and 9.
9
Calculate the greatest common factor of 696 and 71344524.
348
What is the greatest common divisor of 327504 and 15492?
12
Calculate the highest common divisor of 48267702 and 42.
42
What is the highest common factor of 774 and 308379402?
774
What is the highest common factor of 53 and 19632631?
53
Calculate the greatest common factor of 31543430 and 1550.
310
Calculate the greatest common divisor of 98748850 and 57150.
6350
What is the greatest common factor of 5004 and 854633716?
556
What is the greatest common factor of 386304 and 871196?
2012
What is the greatest common divisor of 2585 and 52943855?
235
Calculate the highest common divisor of 39803196 and 348.
348
What is the greatest common factor of 3906 and 93015314?
434
What is the greatest common factor of 1946 and 92051638?
1946
What is the highest common divisor of 922 and 25856107?
461
What is the highest common factor of 2046439 and 4893?
233
Calculate the highest common divisor of 84 and 96192912.
12
What is the greatest common factor of 24 and 2820612?
12
What is the greatest common factor of 28063 and 74993?
19
What is the greatest common divisor of 1293864040 and 112?
56
Calculate the highest common factor of 48667 and 1545782.
41
Calculate the highest common divisor of 872658 and 963.
9
Calculate the greatest common factor of 25 and 2074165.
5
What is the greatest common factor of 56701509 and 138?
69
What is the greatest common factor of 21847016 and 4776?
1592
Calculate the greatest common divisor of 175 and 103425.
175
Calculate the highest common factor of 325828050 and 10.
10
What is the greatest common divisor of 13224 and 67657?
29
Calculate the highest common divisor of 33 and 2111646768.
33
What is the greatest common divisor of 411424 and 3071834?
1978
Calculate the highest common factor of 369493 and 2831.
19
Calculate the highest common divisor of 65166390 and 20520.
5130
What is the greatest common divisor of 4209143 and 16395?
1093
Calculate the greatest common divisor of 312280 and 1993528.
1688
What is the highest common factor of 62559 and 38053746?
8937
Calculate the highest common divisor of 45 and 6334255.
5
Calculate the greatest common factor of 11738986 and 1966.
1966
Calculate the greatest common divisor of 1074904008 and 2832.
1416
What is the highest common factor of 171 and 135144454?
19
Calculate the highest common factor of 10783432 and 7794.
866
Calculate the highest common factor of 491372 and 8501237.
2507
Calculate the highest common divisor of 19275882 and 6.
6
Calculate the greatest common divisor of 752308 and 341.
31
Calculate the greatest common factor of 204420985 and 356.
89
What is the highest common factor of 70280 and 14680?
40
Calculate the greatest common factor of 872 and 56024.
8
What is the highest common factor of 1500958 and 1689000?
1126
What is the greatest common factor of 30816146 and 281?
281
What is the greatest common factor of 246710 and 880?
10
Calculate the greatest common factor of 5529543 and 371.
53
What is the highest common divisor of 2505 and 106020?
15
Calculate the greatest common divisor of 4221750698 and 11.
11
Calculate the greatest common divisor of 799066760 and 1095.
365
Calculate the greatest common factor of 28662580 and 40.
20
Wh